10*x + 7. Give r(x).
14
Let x(b) be the third derivative of 1/360*b**6 + 0*b + 1/6*b**3 - 1/30*b**5 - 1/6*b**4 + 0 - 3*b**2. Let r(f) be the first derivative of x(f). What is r(5)?
1
Let v be 0 + 20/1 + -2. Let l = -1 + -21. Let d = v + l. Let j(y) = -y**3 - 5*y**2 - 3*y + 5. Give j(d).
1
Let u be 1*(1/(-5))/((-44)/220). Let j(x) = -2*x + 1. What is j(u)?
-1
Suppose 0 = -5*i + 5*u - 375, -3*i - 4*u - 256 + 17 = 0. Let r = i - -71. Let d(j) = -4*j - 4. Calculate d(r).
20
Let r(m) = -m**3 + 8*m**2 + 8*m + 7. Let f be 20/4 + 16/4. Give r(f).
-2
Let m(d) = 12*d + 3 + 0*d - 2*d**2 - d + 4 - 5*d. Calculate m(5).
-13
Let x(q) = -4*q**3 + 4*q**2 + q + 2. Let r(j) = 5*j**3 - 4*j**2 - 2*j - 1. Let h(d) = 5*r(d) + 6*x(d). Let l = 225 + -230. Give h(l).
2
Let w(c) be the first derivative of -c**3/3 - 13*c**2/2 + 28*c + 841. Calculate w(-12).
40
Let t(u) be the third derivative of -1/24*u**4 + 0*u + 0 + 5/6*u**3 + 4*u**2. Let v be t(5). Let l(g) = g - 7. Give l(v).
-7
Let t(z) be the first derivative of -z**4/12 - 2*z**3/3 - 3*z**2 + 28*z - 5. Let m(a) be the first derivative of t(a). Give m(-5).
-11
Let b(r) = 3*r**2 + 17*r - 6. Let v(t) = -2*t**2 - 11*t + 3. Let i(y) = 3*b(y) + 5*v(y). Give i(-1).
0
Let r(y) = -9*y**2 + 63*y + 9. Let n(g) = 5*g**2 - 36*g - 5. Let l(q) = 7*n(q) + 4*r(q). What is l(6)?
-35
Let p(s) = s**2 - 3*s + 1. Let m(h) = -h**2 + h + 31. Let w(d) = -5*d - 39. Let n be w(-9). Let y be m(n). Determine p(y).
-1
Let n(m) = m**3 - 5*m**2 + 2*m - 6. Suppose 0 = 54*s - 51*s - 285. Let o = -90 + s. What is n(o)?
4
Let i(c) = -c**3 + 15*c**2 + 13*c + 37. Let f be i(16). Let b = 1 + f. Let t(h) = -h**2 - 10*h - 7. Give t(b).
-7
Let x(c) = c**2 - 7*c + 6. Suppose -2*n - 2*n - 4*u + 24 = 0, 2*u = n - 6. Determine x(n).
0
Let z(n) = -n**3 + 8*n**2 - 6*n - 1. Suppose 0*l = l. Suppose -2*v + 19 - 5 = l. Give z(v).
6
Let t(j) = 2*j + 3. Let l be t(-5). Let h(b) be the third derivative of -b**5/60 - 7*b**4/24 - b**3/3 - 405*b**2. What is h(l)?
-2
Let f(h) = h**3 - h**2 + h + 4. Let b(y) = -3*y**3 + 12*y**2 - 7*y - 24. Let j(m) = -b(m) - 4*f(m). What is j(-8)?
-16
Let m(r) = -r**2 - 9*r - 27. Let v be m(-5). Let k(c) = 4*c**2 - c**2 - 2*c**2 + 4*c - 3. Determine k(v).
18
Let m = 139 + -69. Let f = m + -73. Let c(j) = -j - 6. Determine c(f).
-3
Let v be (1 + 0)*(1 - 7). Let z be (128/v)/((-6)/9). Let l = z + -33. Let a(p) = -8*p**2 + p + 1. What is a(l)?
-8
Let t(v) = 10 + 5 + v**2 - 16. Let c(g) = 2*g**2 - 2*g + 1. Let h be c(2). Suppose 0 = -u + h, -4*u + 3 + 5 = -4*y. Give t(y).
8
Let i(n) = 2888*n**3 + 3*n**2 - 2895*n**3 - n**2 + n. Determine i(-1).
8
Suppose 0 = -y + 2*y. Let i(t) = -12*t + 23 + 3*t + 2*t + 0*t. Let w(m) = 4*m - 12. Let g(s) = -3*i(s) - 5*w(s). Give g(y).
-9
Let o(r) = -5*r - 29. Let s(h) = 9*h + 52. Let y(z) = -7*o(z) - 4*s(z). Determine y(-10).
5
Let y(j) = -2*j - 18. Let k(q) = -6*q - 51. Let z(f) = 6*k(f) - 17*y(f). Suppose 2*s = 1 - 5. Calculate z(s).
4
Let g(r) = 15 - 1 - 10 + 5*r + 1 - r**2. Let m(j) = j + 1. Let f(q) = g(q) - 5*m(q). What is f(0)?
0
Let q(y) = -y**2 + 2. Let v(r) = 2*r**2 + 11. Let f(k) = 5*q(k) - v(k). Give f(-1).
-8
Let c(h) = h**2 + 10*h + 22. Let j(b) = -90*b + 444. Let q be j(5). Determine c(q).
-2
Suppose 0 = -5*p + 15 - 5. Suppose -2*a = n - 4, 2*a + p*a + 5*n - 20 = 0. Let h(v) = -2 - v**2 + 2*v + a + 4*v + 0. Give h(6).
-2
Let g(x) = x**3 + 5*x**2 - 4*x + 5. Suppose -3*m + 4*v = -5*m - 6, -5*v = -4*m - 25. Calculate g(m).
25
Let d(m) = -m. Let i be 0 - ((-1 - 2) + 6). Let r be 7/(-14)*(-1 - -19)/i. Calculate d(r).
-3
Let g(r) be the second derivative of r**7/840 + r**6/60 - r**5/24 + 7*r**4/24 + 5*r**3/6 - 9*r. Let d(u) be the second derivative of g(u). Give d(-7).
-7
Let y(n) = 2*n - 2. Let k be y(4). Let v(z) = -3*z - 27. Let t(d) = -2*d - 14. Let g(s) = 5*t(s) - 3*v(s). Give g(k).
5
Let b(l) = l**3 + 5*l**2 + 5*l + 4. Let q be b(-3). Let o = q - 6. Let t(n) = 4 - n**2 - o - 2 + 2*n. Determine t(-1).
-2
Let k(b) = b**3 + b**2 - b + 1. Let n(h) = -3*h**3 - 10*h**2 + 9*h - 5. Let r(t) = 4*k(t) + n(t). Let m be (5/(-20) + -1)/(1/(-4)). Give r(m).
-1
Let w = 12 - -9. Let c(n) = -11*n + 0*n + w*n. Give c(-1).
-10
Suppose -3*f - l = 2*l + 252, 5*l - 363 = 4*f. Let d = -78 - f. Let s(r) = r**3 - 9*r**2 + r - 8. What is s(d)?
1
Let d(f) be the third derivative of 5*f**4/8 + 61*f**2. Determine d(1).
15
Let f be 8/32 - 39/(-4). Suppose -8*c + f*c = 8. Let m(n) = -3*n - 3. Determine m(c).
-15
Let k = -2 - -8. Let f(y) be the first derivative of y**2 - 6*y + 302. Give f(k).
6
Suppose -5*j - 1 = 2*a - 5, -4 = -2*j. Let i be (10 + -9)/(5/a - -2). Let k(r) = 4*r - 3*r - 3*r + r**3 - 3*r**2. Determine k(i).
-6
Let o(d) = 165*d + 169*d - 675*d + 169*d + 168*d + 2. Determine o(1).
-2
Let z be 216/45*20/3. Let r = 53 - 28. Let n(g) = 5*g - 4*g**2 + z + 0*g - g**3 - r. Give n(-5).
7
Let j(r) = r - 7. Let y be j(6). Let c(v) = -2*v. Let k be c(y). Let w(d) be the second derivative of d**4/6 - 2*d**3/3 + 3*d**2/2 + d. Give w(k).
3
Let h(g) = -g**2 - g + 4. Let n(x) = 3*x**2 - x - 12. Let i(r) = 4*h(r) + n(r). What is i(-3)?
10
Let u(y) be the first derivative of y**2/2 - 3. Suppose 4*k - 18 = t, 6*k + 7 = t + 7*k. Calculate u(t).
2
Let j(p) = 5*p + 37. Let t = 15 - 22. What is j(t)?
2
Let k(h) = h + 1. Let c(z) = z + 1. Let d(y) = 3*c(y) - 4*k(y). Suppose 0 = -4*p + 60*i - 61*i - 33, 0 = 6*p - 3*i + 27. Determine d(p).
6
Let s(o) = o**3 + o**2 - o - 1. Let g(d) = -6*d**3 - 4*d**2 + 8*d + 8. Let u(l) = -g(l) - 5*s(l). Let j = -12 + 15. Suppose 18*m = 17*m + j. Give u(m).
6
Let h be -6 + 1 - (21 + -18). Let q be 32*(2 - 6)/h. Suppose q = -4*l, -3*k - 3 = -3*l - 0*l. Let f(d) = -2*d - 7. What is f(k)?
3
Suppose -126 = 2*g - 142. Let z(x) = -4*x**2 - 7*x - 6. Let l(i) = -12*i**2 - 20*i - 17. Let b(u) = g*z(u) - 3*l(u). What is b(-2)?
11
Suppose -5*q + 104 + 476 = 0. Let y = 115 - q. Let c(h) = -12*h**2. Determine c(y).
-12
Let b(r) = -r**3 + 5*r**2 + r - 4. Let n = 745 + -741. What is b(n)?
16
Let u(l) be the first derivative of l**5/15 + 17*l**3/3 - 23. Let t(c) be the third derivative of u(c). Give t(1).
8
Let z(g) = -3*g**2 - 7*g - 6. Let f(d) = 4*d**2 + 8*d + 7. Let q(j) = 5*f(j) + 6*z(j). Let y = -408 + 406. What is q(y)?
11
Suppose 3*k = j + 39, -k - 2*k + 45 = -3*j. Let c = -14 + k. Let i(h) = 2*h**3 + 2*h**2 + 2. What is i(c)?
-6
Let v(h) = 14*h - 2*h - 11*h - 5*h + 1. Calculate v(2).
-7
Let v(k) = -k + 1. Let q = -18 + 18. Suppose q = 2*w - 1 + 11. Let z(h) = -h. Let t(g) = w*z(g) + 4*v(g). What is t(-4)?
0
Let j(g) = 2*g + 1. Let t(z) = 13*z + 8. Let s(n) = 6*j(n) - t(n). Calculate s(2).
-4
Let h(y) be the first derivative of -70*y**2 + 3*y**4 + 11 + y + 70*y**2. What is h(-1)?
-11
Let x = 10 - 7. Let m(a) = 3*a**2 + a + 8. Let j(p) = -7*p**2 - 3*p - 17. Let t(d) = 2*j(d) + 5*m(d). Let s(f) be the first derivative of t(f). Determine s(x).
5
Let u(s) = 2*s - 14. Let g be u(13). Suppose 5*r - g = -r. Let n be (0 - r/4)*-2. Let c(l) = 4*l**3 - l**2 + 1. Calculate c(n).
4
Suppose 50 = 3*t - 5*f, -5*t + 6*f = f - 90. Let c(x) = -x**3 + 19*x**2 + 20*x + 9. What is c(t)?
9
Let u(n) = n**2 - 10*n + 1. Let y be u(10). Let h(k) be the second derivative of 0 + k**3 - k - 1/2*k**2. Determine h(y).
5
Suppose 0 = -r - 3*b - 3, 5*r + 212 - 237 = -5*b. Let p(a) = a**3 - 9*a**2 - 2*a + 8. Give p(r).
-10
Let n(q) = 6*q**2 - 14*q**2 + 9*q**2 - 4*q**2 - 2 + 2*q. Give n(1).
-3
Let y(g) be the first derivative of g**4/4 - 2*g**3 - 7*g**2/2 - 7*g + 3. Let d(m) = -2 + m**2 + 3 - 3. Let x be d(3). What is y(x)?
-7
Let k(r) be the first derivative of 0*r**3 + 1/4*r**4 + 0*r**2 - 23*r + 2. What is k(0)?
-23
Suppose 5*v - 4*u = 30, 5*u = -0*v - v + 6. Let h(m) = 10*m - 5. Let x be h(15). Let b(k) = -1 + 3*k**3 - 2*k**3 + x*k**2 - 151*k**2. Determine b(v).
-1
Let i(y) = -y**3 - 4*y**2 - 7*y - 12. Let c be i(-3). Let f(w) be the third derivative of w**5/60 - 5*w**3/3 - 2*w**2. What is f(c)?
-10
Let j(x) = x**3 - 84 - 91 + 180 + 5*x**2. What is j(-4)?
21
Let s(b) = -2 - 8*b + 17*b + 3. Suppose 4*w - 2*k = 3*k, 13 = w + 2*k. Suppose -3*f + 8 = n, -5*n - 7 = w*f - 27. Calculate s(n).
19
Suppose -6*k + 0*k = 12. Let q be k + (-1 - -9) - -2. Let j(f) = f**2 - 8*f + 8. Determine j(q).
8
Let r(z) = 2*z + 9. Suppose 4*c + 4 = -4*h, 10*c + 15 = 